. What is the remainder when z is divided by d?
0
Calculate the remainder when 19 is divided by 4/10 - 117/(-45).
1
Suppose -140 = -2*q - 3*q. Let i be (-75)/(-7) - (-2)/7. Suppose -26 + i = -f. What is the remainder when q is divided by f?
13
Suppose -5*r - 7 = 3. Let o be -1 + (r - 0)*-23. Suppose -4*b - d = -o, 38 = 3*b + 6*d - d. What is the remainder when 21 is divided by b?
10
Let d = 50 + -36. Calculate the remainder when d is divided by 5*(0 + -1)*-1.
4
Let t = 0 + 9. Let y = t + -17. Let g = y + 49. Calculate the remainder when g is divided by 11.
8
Suppose -4*u = -5*r + 6*r - 16, r + 2 = 2*u. Calculate the remainder when r is divided by 1.
0
Let h be (-27)/2*18/(-27). Calculate the remainder when 32 is divided by -22*(h/6 + -2).
10
Suppose 2*a + 4 - 29 = -l, 2*a - l - 31 = 0. Calculate the remainder when 82 is divided by a.
12
Let x(f) = -2*f - 2. Let r(a) = -a**2 + 6*a - 5. Let u be r(6). Let y = 10 + u. What is the remainder when x(-5) is divided by y?
3
Let f(l) = -l**2 - 9*l - 2. Let g be (-10)/(-35) + (-44)/7. What is the remainder when 46 is divided by f(g)?
14
Let r(k) = 86*k. What is the remainder when r(1) is divided by 29?
28
Let y = -3 + 6. Suppose -5*r + h = 475, 4*r - y*h + 273 = r. What is the remainder when (r/(-15))/(1/5) is divided by 17?
15
Let a(c) = -3*c + 1. Let d be a(4). Let v(b) = b**2 + 2. Calculate the remainder when 1743/33 + (-2)/d is divided by v(-4).
17
Suppose 2*p - 2 = 10. Suppose q - j = 0, -q + p*j = j + 20. What is the remainder when 12 is divided by q?
2
Let x = 10 - -4. Let d(w) = -7 + 0*w + 7*w**2 - 5*w - x*w**2 + w**3. What is the remainder when 50 is divided by d(8)?
16
Suppose 0 = -3*a + 17 + 13. Suppose -3*h + 7 = -47. What is the remainder when h is divided by a?
8
Let k(z) be the third derivative of z**5/60 - z**4/3 + z**3/3 - 2*z**2. Let p be k(8). Let o = 1 + p. What is the remainder when 4 is divided by o?
1
Calculate the remainder when (3 - 0/1)/(4/188) is divided by 18.
15
Let l be (-60)/8*6/(-9). Suppose -4*h - 40 = -5*p + 18, 0 = l*h - 15. What is the remainder when p is divided by 10 + (0 - (2 + 0))?
6
Let d = -2 + 14. Calculate the remainder when d is divided by -10*(-1 - 15/(-25)).
0
Let a(d) = d**2 - d - 6. Let y be (4/6)/((-2)/(-15)). Suppose -y*b = 6*w - 2*w - 92, 73 = 4*b + 3*w. Calculate the remainder when b is divided by a(4).
4
Let k be -7 - -10 - (1 + 0). Suppose 0 = -k*c + 5*r + 54, 2*c - 3*r = -0 + 50. What is the remainder when c is divided by 6?
4
Let y = 24 + -57. Let j = y - -23. What is the remainder when ((-24)/j)/((-4)/(-20)) is divided by 7?
5
Let p = 2 - 3. Let l(u) = -4*u - 14. What is the remainder when l(-6) is divided by (p - -9)*(-2)/(-4)?
2
Suppose -2*i - 2*y = 32 - 170, i = -2*y + 71. Calculate the remainder when i is divided by 14.
11
Suppose 8*t - 11*t - 30 = 0. What is the remainder when 34 is divided by 3/(-2)*t + 3?
16
Let m be (-1)/(-3) + 115/15. Let b(g) be the third derivative of g**6/120 - 3*g**5/20 + 3*g**4/8 - 4*g**2. What is the remainder when 22 is divided by b(m)?
6
Let q(l) = 2*l**2 + 9*l + 2. Let o be q(-4). Let s(c) = -1 - c - 3*c + 2*c**2 + 2*c + c**3. What is the remainder when 9 is divided by s(o)?
0
Let h = 110 - 97. Calculate the remainder when h is divided by 8.
5
Calculate the remainder when (-45)/6*10/(-3) is divided by 14.
11
Let b(c) be the second derivative of -c**4/12 - c**3 - c. What is the remainder when 14 is divided by b(-5)?
4
Calculate the remainder when 32/(-48) + 86/3 is divided by 15.
13
Let z(p) = 5*p**2 - p. Suppose 0 = 2*k + k - 12. Let l = k + 4. Calculate the remainder when z(-2) is divided by l.
6
What is the remainder when 32 is divided by 22 - (8/1 - 3)?
15
Suppose -2*m - 3*m - w = -51, w + 4 = 0. Suppose -2*j - 3*j + 30 = 0. What is the remainder when m is divided by j?
5
Let h(c) = c**2 + c - 7. Suppose -3*j = -14 + 2. What is the remainder when h(-4) is divided by j?
1
Let j(o) = 2*o**2 + 3*o + 2. Let m be j(-2). Suppose 0 = m*r - 2*r - 16. What is the remainder when 23 is divided by r?
7
Suppose 11*m - 243 - 175 = 0. Calculate the remainder when m is divided by 10.
8
Let t = 2 + 13. Let b = t + -5. Calculate the remainder when 19 is divided by b.
9
Let p(t) = -t**2 + 3*t + 3. Let j be p(4). Calculate the remainder when 2/(j/26*-2) is divided by 14.
12
Suppose 0*c + 4 = -2*c. Let n be 48/10 - c/10. What is the remainder when 13 is divided by (-1 - (-1 - 1))*n?
3
Let a(v) = v**2 + 14*v + 2. Let i be a(-14). Suppose -2*f + 10 = -i. Calculate the remainder when 21 is divided by f.
3
Let a = -2 + 2. Suppose -2*h + a*h + 58 = -4*m, m = -4*h + 125. Calculate the remainder when h is divided by 11.
9
Suppose -y + 12 = 2*r - 3*y, 3*r + 6 = -3*y. Suppose 0 = 3*v - 4*h + 2, 6*h - h = 10. Calculate the remainder when (1/r)/((-4)/(-32)) is divided by v.
0
Suppose h - 180 = -5*n, 4*h = -3*n - h + 130. Calculate the remainder when n is divided by 10.
5
Suppose 6*c = c + 135. Suppose 153 = -0*z + 3*z. Calculate the remainder when z is divided by c.
24
Suppose r - 2 = -r. What is the remainder when (3/r)/3*7 is divided by 2?
1
Suppose 0 = 2*i - 28 - 2. Calculate the remainder when 55 is divided by i.
10
Let l(g) = -g**3 + 9*g**2 - 8*g - 4. Suppose 0 = -5*v + 157 + 38. What is the remainder when l(7) is divided by (v/4)/3*4?
12
Let l(z) = -z + 1. Let b be l(3). What is the remainder when (26 + 1)*b/(-6) is divided by 5?
4
Let x = 34 - 21. Suppose 4*c - 81 = -x. Calculate the remainder when c is divided by 5.
2
Let h(c) = 41*c**2 - 1. What is the remainder when h(-1) is divided by 14?
12
Suppose -3 - 12 = -5*b. Let t = -21 - -23. Suppose -q + t*q = b. Calculate the remainder when q is divided by 2.
1
Let x = -14 + 46. What is the remainder when 61 is divided by x?
29
Suppose -2*m = -5*p + 19, -20 = -5*p + m - 3. Suppose -3*y - q - q = -6, -p = -2*y - q. Suppose y = -2*x - 1 + 3. What is the remainder when 2 is divided by x?
0
Let g(h) = 2*h + 12. Let x be g(-10). Let z = x - -24. Calculate the remainder when 30 is divided by z.
14
Let m(k) be the third derivative of k**4/24 + 2*k**3/3 + 3*k**2. Suppose 4 = x + n, -5*n = 3*x + x - 19. What is the remainder when m(-3) is divided by x?
0
Let f = 71 - 48. Let o = 2 + -4. Let m = o - -14. Calculate the remainder when f is divided by m.
11
Suppose 5*s + 0*x = x + 130, -x = 2*s - 52. Let r = 784 - 777. What is the remainder when s is divided by r?
5
Calculate the remainder when 48 is divided by (1 + 0)/(25/(-13) - -2).
9
Suppose -2*c = m - 37, c - 4*c = -2*m + 46. What is the remainder when 85 is divided by m?
27
Suppose -4*c + 22 = -6. What is the remainder when c is divided by 2?
1
Let w = -4 - -27. What is the remainder when w is divided by 6?
5
Let n(r) = 2*r + 2. Let p be n(-4). What is the remainder when 35 is divided by (-25 + 7)*4/p?
11
Let k(a) = -38*a**2 + 2*a + 2. Let x be k(-1). Let w = -11 - x. Calculate the remainder when w is divided by 7.
6
Let o = -10 + 26. Calculate the remainder when o is divided by ((-12)/4)/(4/(-12)).
7
Suppose 0 = -7*z - 21 + 91. What is the remainder when 78 is divided by z?
8
Suppose -2*f + 19 + 23 = 0. Let i = f + -11. What is the remainder when 39 is divided by i?
9
Let z(u) = u + 12. Suppose -4*i + 11 = -3*i. Calculate the remainder when 89 is divided by z(i).
20
Suppose 3*p = 2*z + 49, 2*p + 2*z - 38 = -2*z. Let o be 10/30 - 10/(-6). What is the remainder when p is divided by (-23)/(-4) - o/(-8)?
5
Suppose 3*o + 24 = 5*n - 27, o + 45 = 4*n. Suppose -r = -1 - n. Calculate the remainder when 49 is divided by r.
10
What is the remainder when ((-10)/8 - (-4)/16)*-53 is divided by 27?
26
Suppose -3*c = -5*f + 48, 24 = 3*f - c + 4*c. What is the remainder when f is divided by 2?
1
Let k(b) = b**2 + 3*b + 4. Let w(p) be the third derivative of -p**5/60 - 5*p**4/12 - p**3 - 2*p**2. What is the remainder when w(-7) is divided by k(-4)?
7
Suppose -37 = -4*y - 9. What is the remainder when y is divided by (0 - -8) + (-2)/(4/6)?
2
Let s(d) = 80*d**2 + 2*d + 2. What is the remainder when s(-1) is divided by 27?
26
Suppose 3*q - 120 = -5*x + 5*q, -5*q + 25 = 0. Let n = -16 + x. What is the remainder when n is divided by 6?
4
Let l be (72/(-20))/(6/20). Let r(x) = 7*x - 4. What is the remainder when r(3) is divided by 1 + (-3 - (1 + l))?
8
Suppose 